{"id":10013,"date":"2025-11-04T19:43:12","date_gmt":"2025-11-04T19:43:12","guid":{"rendered":"https:\/\/web.muniolleroshuarochiri.gob.pe\/portal\/?page_id=10013"},"modified":"2025-12-02T20:25:39","modified_gmt":"2025-12-02T20:25:39","slug":"sub-gerencia-de-transito-transporte-y-seguridad-vial","status":"publish","type":"page","link":"http:\/\/web.muniolleroshuarochiri.gob.pe\/portal\/sub-gerencia-de-transito-transporte-y-seguridad-vial\/","title":{"rendered":"Sub Gerencia de Tr\u00e1nsito, Transporte y Seguridad Vial"},"content":{"rendered":"<section class=\"wpb-content-wrapper\"><section class=\"l-section wpb_row height_medium\"><div class=\"l-section-h i-cf\"><div class=\"g-cols vc_row type_default valign_top\"><div class=\"vc_col-sm-12 wpb_column vc_column_container\"><div class=\"vc_column-inner\"><div class=\"wpb_wrapper\">[vc_empty_space height=\u00bb150px\u00bb]<\/div><\/div><\/div><\/div><\/div><\/section><section class=\"l-section wpb_row height_medium\"><div class=\"l-section-h i-cf\"><div class=\"g-cols vc_row type_default valign_top\"><div class=\"vc_col-sm-12 wpb_column vc_column_container\"><div class=\"vc_column-inner\"><div class=\"wpb_wrapper\"><h3 class=\"w-post-elm post_title us_custom_6549b382 entry-title color_link_inherit has_text_color\">Sub Gerencia de Tr\u00e1nsito, Transporte y Seguridad Vial<\/h3><\/div><\/div><\/div><\/div><\/div><\/section><section class=\"l-section wpb_row us_custom_1f64da91 height_medium\"><div class=\"l-section-h i-cf\"><div class=\"g-cols vc_row type_default valign_top\"><div class=\"vc_col-sm-8 wpb_column vc_column_container\"><div class=\"vc_column-inner\"><div class=\"wpb_wrapper\"><div class=\"wpb_text_column\" ><div class=\"wpb_wrapper\"><p><span data-huuid=\"9489294582579452496\">La Sub Gerencia de Tr\u00e1nsito, Transporte y Seguridad Vial es la encargada de supervisar las actividades relacionadas al servicio de transporte p\u00fablico, garantizar la movilidad urbana en el \u00e1mbito de su competencia y jurisdicci\u00f3n; <\/span><span data-huuid=\"9489294582579450021\">as\u00ed como detectar e imponer las sanciones por las infracciones cometidas.<\/span><\/p>\n<\/div><\/div>[vc_empty_space]<h2 class=\"w-text\"><span class=\"w-text-h\"><i class=\"far fa-users\"><\/i><span class=\"w-text-value\">Las funciones de la Subgerencia de Tr\u00e1nsito, Transporte y Seguridad Vial son:<\/span><\/span><\/h2><div class=\"wpb_text_column\" ><div class=\"wpb_wrapper\"><div class=\"WaaZC\">\n<div class=\"RJPOee EIJn2\">\n<ol style=\"text-align: justify;\">\n<li class=\"rPeykc\" data-hveid=\"CBgQAQ\" data-ved=\"2ahUKEwj1xYSRoNmQAxVjK7kGHc08Hi8Qo_EKegQIGBAB\"><span data-huuid=\"2154320419345140925\">Elaborar y ejecutar el Plan Operativo Institucional correspondiente a la Unidad Org\u00e1nica, disponiendo eficiente y eficazmente de los recursos econ\u00f3micos, materiales y equipos asignados.<\/span><\/li>\n<li class=\"rPeykc\" data-hveid=\"CBgQAQ\" data-ved=\"2ahUKEwj1xYSRoNmQAxVjK7kGHc08Hi8Qo_EKegQIGBAB\"><span data-huuid=\"2154320419345141179\">Formular, proponer normas, programas y proyectos para los servicios de transporte en veh\u00edculos menores, en concordancia con las normas vigentes.<\/span><\/li>\n<li class=\"rPeykc\" data-hveid=\"CBgQAQ\" data-ved=\"2ahUKEwj1xYSRoNmQAxVjK7kGHc08Hi8Qo_EKegQIGBAB\"><span data-huuid=\"2154320419345141433\">Normar, regular, implementar y mantener los sistemas de se\u00f1alizaci\u00f3n y sem\u00e1foros y regular el tr\u00e1nsito urbanos de peatones y veh\u00edculos de conformidad con el reglamento nacional respectivo.<\/span><\/li>\n<li class=\"rPeykc\" data-hveid=\"CBgQAQ\" data-ved=\"2ahUKEwj1xYSRoNmQAxVjK7kGHc08Hi8Qo_EKegQIGBAB\"><span data-huuid=\"2154320419345141687\">Otorgar licencias para la circulaci\u00f3n de veh\u00edculos menores y dem\u00e1s, de acuerdo con lo establecido con la regulaci\u00f3n provincial.<\/span><\/li>\n<li class=\"rPeykc\" data-hveid=\"CBgQAQ\" data-ved=\"2ahUKEwj1xYSRoNmQAxVjK7kGHc08Hi8Qo_EKegQIGBAB\"><span data-huuid=\"2154320419345137845\">Participar en la elaboraci\u00f3n y actualizaci\u00f3n de normas relacionadas con la regulaci\u00f3n del tr\u00e1nsito y seguridad vial en el distrito.<\/span><\/li>\n<li class=\"rPeykc\" data-hveid=\"CBgQAQ\" data-ved=\"2ahUKEwj1xYSRoNmQAxVjK7kGHc08Hi8Qo_EKegQIGBAB\"><span data-huuid=\"2154320419345138099\">Ejecutar las acciones educativas y preventivas y promocionales de seguridad vial en coordinaci\u00f3n con las unidades org\u00e1nicas competentes de la Municipalidad.<\/span><\/li>\n<li class=\"rPeykc\" data-hveid=\"CBgQAQ\" data-ved=\"2ahUKEwj1xYSRoNmQAxVjK7kGHc08Hi8Qo_EKegQIGBAB\"><span data-huuid=\"2154320419345138353\">Planificar, organizar y ejecutar la se\u00f1alizaci\u00f3n horizontal y vertical de las v\u00edas urbanas locales del distrito.<\/span><\/li>\n<\/ol>\n<\/div>\n<\/div>\n<\/div><\/div><\/div><\/div><\/div><div class=\"vc_col-sm-4 wpb_column vc_column_container\"><div class=\"vc_column-inner\"><div class=\"wpb_wrapper\"><div class=\"ult-team-member-wrap ult-style-1  \"><div class=\"ult-team-member-image\" style=\"\"> <img class=\"\" src=\"http:\/\/web.muniolleroshuarochiri.gob.pe\/portal\/wp-content\/uploads\/2025\/12\/William-Alanva-Leon.png\" alt=\"null\"  style=\"\"><span class=\"ult-team-member-image-overlay \"  ><\/span><\/div><div class=\"ult-team-member-bio-wrap style-1 ultimate-heading69e8951b99a37\" style=\"text-align:center;; \"><div class=\"ult-team-member-name-wrap\"><h2 class=\"ult-team-member-name ult-responsive\"  data-ultimate-target='.ult-team-member-bio-wrap.ultimate-heading69e8951b99a37 .ult-team-member-name'  data-responsive-json-new='{\"font-size\":\"\",\"line-height\":\"\"}'  style=\"\">William Alanya Le\u00f3n<\/h2><div class=\"ult-team-member-position ult-responsive\"  data-ultimate-target='.ult-team-member-bio-wrap.ultimate-heading69e8951b99a37 .ult-team-member-position'  data-responsive-json-new='{\"font-size\":\"\",\"line-height\":\"\"}'  style=\"\">Sub Gerencia de Tr\u00e1nsito, Transporte y Seguridad Vial<\/div><div class=\"ult-team-member-description ult-responsive\"  data-ultimate-target='.ult-team-member-bio-wrap.ultimate-heading69e8951b99a37 .ult-team-member-description'  data-responsive-json-new='{\"font-size\":\"\",\"line-height\":\"\"}'  style=\"\"><p><strong>Correo municipal:<\/strong> william.alanya@muniolleroshuarochiri.gob.pe<\/p><\/div><div style=\"margin-bottom:15px\"><\/div><\/div><\/div><\/div><\/div><\/div><\/div><\/div><\/div><\/section><!-- Row Backgrounds --><div class=\"upb_color\" data-bg-override=\"0\" data-bg-color=\"#f4f4f4\" data-fadeout=\"\" data-fadeout-percentage=\"30\" data-parallax-content=\"\" data-parallax-content-sense=\"30\" data-row-effect-mobile-disable=\"true\" data-img-parallax-mobile-disable=\"true\" data-rtl=\"false\"  data-custom-vc-row=\"\"  data-vc=\"6.11.0\"  data-is_old_vc=\"\"  data-theme-support=\"\"   data-overlay=\"false\" data-overlay-color=\"\" data-overlay-pattern=\"\" data-overlay-pattern-opacity=\"\" data-overlay-pattern-size=\"\"    ><\/div><section class=\"l-section wpb_row height_medium\"><div class=\"l-section-h i-cf\"><div class=\"g-cols vc_row type_default valign_top\"><div class=\"vc_col-sm-4 wpb_column vc_column_container\"><div class=\"vc_column-inner\"><div class=\"wpb_wrapper\"><div class=\"ult-team-member-wrap ult-style-1  \"><div class=\"ult-team-member-image\" style=\"\"> <img class=\"\" src=\"http:\/\/web.muniolleroshuarochiri.gob.pe\/portal\/wp-content\/uploads\/2025\/12\/Cristian-Deyvi-Rojas-Ramirez.png\" alt=\"null\"  style=\"\"><span class=\"ult-team-member-image-overlay \"  ><\/span><\/div><div class=\"ult-team-member-bio-wrap style-1 ultimate-heading69e8951b99fbd\" style=\"text-align:center;; \"><div class=\"ult-team-member-name-wrap\"><h2 class=\"ult-team-member-name ult-responsive\"  data-ultimate-target='.ult-team-member-bio-wrap.ultimate-heading69e8951b99fbd .ult-team-member-name'  data-responsive-json-new='{\"font-size\":\"\",\"line-height\":\"\"}'  style=\"\">Cristian Deyvi Rojas Ramirez<\/h2><div class=\"ult-team-member-position ult-responsive\"  data-ultimate-target='.ult-team-member-bio-wrap.ultimate-heading69e8951b99fbd .ult-team-member-position'  data-responsive-json-new='{\"font-size\":\"\",\"line-height\":\"\"}'  style=\"\">Personal Administrativo de la Sub Gerencia de Tr\u00e1nsito, Transporte y Seguridad Vial<\/div><div class=\"ult-team-member-description ult-responsive\"  data-ultimate-target='.ult-team-member-bio-wrap.ultimate-heading69e8951b99fbd .ult-team-member-description'  data-responsive-json-new='{\"font-size\":\"\",\"line-height\":\"\"}'  style=\"\"><p><strong>Correo municipal<\/strong>: cristian.rojas@muniolleroshuarochiri.gob.pe<\/p><\/div><div style=\"margin-bottom:15px\"><\/div><\/div><\/div><\/div><\/div><\/div><\/div><div class=\"vc_col-sm-8 wpb_column vc_column_container\"><div class=\"vc_column-inner\"><div class=\"wpb_wrapper\"><div class=\"wpb_text_column\" ><div class=\"wpb_wrapper\"><ol start=\"8\">\n<li class=\"rPeykc\" data-hveid=\"CA8QAQ\" data-ved=\"2ahUKEwi7gYeQi9mQAxXRE7kGHVbRMoMQo_EKegQIDxAB\"><span data-huuid=\"9014114500577034881\">Emitir las autorizaciones de circulaci\u00f3n, reubicaci\u00f3n y otros de veh\u00edculos menores; adem\u00e1s supervisar el cumplimiento de la normatividad vigente.<\/span><\/li>\n<\/ol>\n<\/div><\/div><div class=\"wpb_text_column\" ><div class=\"wpb_wrapper\"><ol style=\"text-align: justify;\" start=\"9\">\n<li class=\"rPeykc\" data-hveid=\"CA8QAQ\" data-ved=\"2ahUKEwi7gYeQi9mQAxXRE7kGHVbRMoMQo_EKegQIDxAB\"><span data-huuid=\"9014114500577034881\">Establecer medidas de seguridad vial controlando su cumplimiento de acuerdo a sus competencias y a la normatividad vigente.<br \/>\n<\/span><\/li>\n<li class=\"rPeykc\" data-hveid=\"CA8QAQ\" data-ved=\"2ahUKEwi7gYeQi9mQAxXRE7kGHVbRMoMQo_EKegQIDxAB\"><span data-huuid=\"9014114500577034881\">Implementar las recomendaciones de los informes emitidos por los \u00f3rganos conformantes del Sistema Nacional de Control que sean de su competencia, debiendo informar de las medidas adoptadas a la Gerencia de Servicios P\u00fablicos y Gesti\u00f3n Ambiental.<br \/>\n<\/span><\/li>\n<li class=\"rPeykc\" data-hveid=\"CA8QAQ\" data-ved=\"2ahUKEwi7gYeQi9mQAxXRE7kGHVbRMoMQo_EKegQIDxAB\"><span data-huuid=\"9014114500577034881\">Realizar acciones fiscalizadoras del Servicio Especial de transporte de pasajeros en veh\u00edculos menores, mediante la supervisi\u00f3n, detecci\u00f3n de infracciones, imposici\u00f3n y ejecuci\u00f3n de sanciones por incumplimiento de las disposiciones que regulan el servicio dentro de la jurisdicci\u00f3n distrital.<br \/>\n<\/span><\/li>\n<li class=\"rPeykc\" data-hveid=\"CA8QAQ\" data-ved=\"2ahUKEwi7gYeQi9mQAxXRE7kGHVbRMoMQo_EKegQIDxAB\"><span data-huuid=\"9014114500577034881\">Establecer un Registro Municipal de Veh\u00edculos Menores del Servicio Especial, inscribiendo a todos los transportadores autorizados, conductores y veh\u00edculos menores autorizados.<br \/>\nm) Otorgar los permisos de operaci\u00f3n para la prestaci\u00f3n del Servicio Especial de transporte p\u00fablico de pasajeros en veh\u00edculos menores dentro de la jurisdicci\u00f3n.<\/span><\/li>\n<\/ol>\n<\/div><\/div><\/div><\/div><\/div><\/div><\/div><\/section><section class=\"l-section wpb_row height_medium\"><div class=\"l-section-h i-cf\"><div class=\"g-cols vc_row type_default valign_top\"><div class=\"vc_col-sm-8 wpb_column vc_column_container\"><div class=\"vc_column-inner\"><div class=\"wpb_wrapper\"><div class=\"wpb_text_column\" ><div class=\"wpb_wrapper\"><ol style=\"text-align: justify;\" start=\"13\">\n<li><span data-huuid=\"9014114500577034881\">Formular normas complementarias necesarias para la gesti\u00f3n y fiscalizaci\u00f3n del Servicio Especial de transporte de pasajeros en veh\u00edculos menores, de conformidad con lo establecido en la legislaci\u00f3n vigente sin contravenir los reglamentos nacionales.<\/span><\/li>\n<li>\n<div class=\"rPeykc\" data-hveid=\"CBgQAQ\" data-ved=\"2ahUKEwj1xYSRoNmQAxVjK7kGHc08Hi8Qo_EKegQIGBAB\"><span data-huuid=\"2154320419345138464\">Dar cumplimiento las funciones establecidas en el Decreto Supremo N\u00ba 055-2010-MTC, Decreto Supremo que aprueba el Reglamento Nacional de Transporte P\u00fablico Especial de Pasajeros en Veh\u00edculos Motorizados o no Motorizados.<\/span><\/div>\n<div data-hveid=\"CBgQAQ\" data-ved=\"2ahUKEwj1xYSRoNmQAxVjK7kGHc08Hi8Qo_EKegQIGBAB\"><\/div>\n<\/li>\n<li>\n<div data-hveid=\"CBgQAQ\" data-ved=\"2ahUKEwj1xYSRoNmQAxVjK7kGHc08Hi8Qo_EKegQIGBAB\"><span data-huuid=\"14487066276150674814\">Racionalizar el transporte urbano del distrito, en coordinaci\u00f3n con la Municipalidad Provincial de Huarochir\u00ed.<\/span><\/div>\n<\/li>\n<li>\n<div data-hveid=\"CBgQAQ\" data-ved=\"2ahUKEwj1xYSRoNmQAxVjK7kGHc08Hi8Qo_EKegQIGBAB\"><span data-huuid=\"14487066276150675228\">Organizar los archivos digitales y documentaci\u00f3n f\u00edsica de su competencia manteniendo su custodia de forma segura.<\/span><\/div>\n<\/li>\n<li>\n<div data-hveid=\"CBgQAQ\" data-ved=\"2ahUKEwj1xYSRoNmQAxVjK7kGHc08Hi8Qo_EKegQIGBAB\"><span data-huuid=\"14487066276150675642\">Emitir opini\u00f3n t\u00e9cnica en el \u00e1mbito de su competencia.<\/span><\/div>\n<\/li>\n<li>\n<div data-hveid=\"CBgQAQ\" data-ved=\"2ahUKEwj1xYSRoNmQAxVjK7kGHc08Hi8Qo_EKegQIGBAB\"><span data-huuid=\"14487066276150676056\">Elaborar y mantener actualizado la estad\u00edstica del parque automotor de veh\u00edculos menores que circulan en el distrito.<\/span><\/div>\n<\/li>\n<li>\n<div data-hveid=\"CBgQAQ\" data-ved=\"2ahUKEwj1xYSRoNmQAxVjK7kGHc08Hi8Qo_EKegQIGBAB\"><span data-huuid=\"14487066276150676470\">Emitir actos administrativos en el \u00e1mbito de su competencia.<\/span><\/div>\n<\/li>\n<\/ol>\n<\/div><\/div><\/div><\/div><\/div><div class=\"vc_col-sm-4 wpb_column vc_column_container\"><div class=\"vc_column-inner\"><div class=\"wpb_wrapper\"><div class=\"ult-team-member-wrap ult-style-1  \"><div class=\"ult-team-member-image\" style=\"\"> <img class=\"\" src=\"http:\/\/web.muniolleroshuarochiri.gob.pe\/portal\/wp-content\/uploads\/2025\/12\/Jose-Luis-Salas-Vilca.png\" alt=\"null\"  style=\"\"><span class=\"ult-team-member-image-overlay \"  ><\/span><\/div><div class=\"ult-team-member-bio-wrap style-1 ultimate-heading69e8951b9a831\" style=\"text-align:center;; \"><div class=\"ult-team-member-name-wrap\"><h2 class=\"ult-team-member-name ult-responsive\"  data-ultimate-target='.ult-team-member-bio-wrap.ultimate-heading69e8951b9a831 .ult-team-member-name'  data-responsive-json-new='{\"font-size\":\"\",\"line-height\":\"\"}'  style=\"\">Jose Luis Salas Vilca<\/h2><div class=\"ult-team-member-position ult-responsive\"  data-ultimate-target='.ult-team-member-bio-wrap.ultimate-heading69e8951b9a831 .ult-team-member-position'  data-responsive-json-new='{\"font-size\":\"\",\"line-height\":\"\"}'  style=\"\">Personal Administrativo de la Sub Gerencia de Tr\u00e1nsito, Transporte y Seguridad Vial<\/div><div class=\"ult-team-member-description ult-responsive\"  data-ultimate-target='.ult-team-member-bio-wrap.ultimate-heading69e8951b9a831 .ult-team-member-description'  data-responsive-json-new='{\"font-size\":\"\",\"line-height\":\"\"}'  style=\"\"><p><strong>Correo municipal<\/strong>: jose.salas@muniolleroshuarochiri.gob.pe<\/p><\/div><div style=\"margin-bottom:15px\"><\/div><\/div><\/div><\/div><\/div><\/div><\/div><\/div><\/div><\/section><section class=\"l-section wpb_row height_medium\"><div class=\"l-section-h i-cf\"><div class=\"g-cols vc_row type_default valign_top\"><div class=\"vc_col-sm-12 wpb_column vc_column_container\"><div class=\"vc_column-inner\"><div class=\"wpb_wrapper\"><div class=\"wpb_text_column\" ><div class=\"wpb_wrapper\"><ol style=\"text-align: justify;\" start=\"20\">\n<li><span data-huuid=\"14487066276150676884\">Realizar permanentemente la evaluaci\u00f3n de los procedimientos, tecnolog\u00edas y recursos empleados en la prestaci\u00f3n de los servicios administrativos el \u00e1mbito de su competencia, a fin de lograr mejores niveles de eficiencia, eficacia y calidad en relaci\u00f3n con las expectativas y demandas de los administrados favoreciendo la competitividad de las empresas e instituciones.<\/span><\/li>\n<li><span data-huuid=\"14487066276150677298\">Planifica, organiza, dirige, ejecuta y controla las actividades relacionadas con el transporte, tr\u00e1nsito y ordenamiento vial en el distrito, especialmente en el transporte p\u00fablico, en veh\u00edculos menores, as\u00ed como detectar e imponer las sanciones correspondientes por infracci\u00f3n a las disposiciones municipales y dem\u00e1s normas legales vigentes sobre la materia.<\/span><\/li>\n<li><span data-huuid=\"14487066276150673616\">Planificar y Supervisar el Plan Regulador de veh\u00edculos menores, emitiendo las autorizaciones, permisos de operaci\u00f3n, modificaci\u00f3n de flota vehicular y otras consideraciones, conforme a la normativa vigente.<\/span><\/li>\n<li><span data-huuid=\"14487066276150674030\">Organizar y ejecutar los Cursos Anuales de Educaci\u00f3n y Seguridad Vial para quienes brindan el servicio p\u00fablico de transporte en veh\u00edculos menores<\/span><\/li>\n<li><span data-huuid=\"14487066276150674444\">Otras funciones que le encomiende la Gerencia de Servicios P\u00fablicos y Gesti\u00f3n Ambiental.<\/span><\/li>\n<\/ol>\n<\/div><\/div><\/div><\/div><\/div><\/div><\/div><\/section>\n<\/section>","protected":false},"excerpt":{"rendered":"[vc_empty_space height=\"150px\"]Sub Gerencia de Tr\u00e1nsito, Transporte y Seguridad VialLa Sub Gerencia de Tr\u00e1nsito, Transporte y Seguridad Vial es la encargada de supervisar las actividades relacionadas al servicio de transporte p\u00fablico, garantizar la movilidad urbana en el \u00e1mbito de su competencia y jurisdicci\u00f3n; as\u00ed como detectar e imponer las sanciones por las infracciones cometidas. [vc_empty_space]Las funciones...","protected":false},"author":9,"featured_media":0,"parent":0,"menu_order":0,"comment_status":"closed","ping_status":"closed","template":"","meta":[],"acf":[],"_links":{"self":[{"href":"http:\/\/web.muniolleroshuarochiri.gob.pe\/portal\/wp-json\/wp\/v2\/pages\/10013"}],"collection":[{"href":"http:\/\/web.muniolleroshuarochiri.gob.pe\/portal\/wp-json\/wp\/v2\/pages"}],"about":[{"href":"http:\/\/web.muniolleroshuarochiri.gob.pe\/portal\/wp-json\/wp\/v2\/types\/page"}],"author":[{"embeddable":true,"href":"http:\/\/web.muniolleroshuarochiri.gob.pe\/portal\/wp-json\/wp\/v2\/users\/9"}],"replies":[{"embeddable":true,"href":"http:\/\/web.muniolleroshuarochiri.gob.pe\/portal\/wp-json\/wp\/v2\/comments?post=10013"}],"version-history":[{"count":10,"href":"http:\/\/web.muniolleroshuarochiri.gob.pe\/portal\/wp-json\/wp\/v2\/pages\/10013\/revisions"}],"predecessor-version":[{"id":11094,"href":"http:\/\/web.muniolleroshuarochiri.gob.pe\/portal\/wp-json\/wp\/v2\/pages\/10013\/revisions\/11094"}],"wp:attachment":[{"href":"http:\/\/web.muniolleroshuarochiri.gob.pe\/portal\/wp-json\/wp\/v2\/media?parent=10013"}],"curies":[{"name":"wp","href":"https:\/\/api.w.org\/{rel}","templated":true}]}}