{"id":10105,"date":"2025-11-04T21:23:49","date_gmt":"2025-11-04T21:23:49","guid":{"rendered":"https:\/\/web.muniolleroshuarochiri.gob.pe\/portal\/?page_id=10105"},"modified":"2025-12-02T18:01:18","modified_gmt":"2025-12-02T18:01:18","slug":"sub-gerencia-de-promocion-social-2","status":"publish","type":"page","link":"http:\/\/web.muniolleroshuarochiri.gob.pe\/portal\/sub-gerencia-de-promocion-social-2\/","title":{"rendered":"Sub Gerencia de Promoci\u00f3n Social"},"content":{"rendered":"<section class=\"wpb-content-wrapper\"><section class=\"l-section wpb_row height_medium\"><div class=\"l-section-h i-cf\"><div class=\"g-cols vc_row type_default valign_top\"><div class=\"vc_col-sm-12 wpb_column vc_column_container\"><div class=\"vc_column-inner\"><div class=\"wpb_wrapper\">[vc_empty_space height=\u00bb150px\u00bb]<\/div><\/div><\/div><\/div><\/div><\/section><section class=\"l-section wpb_row height_medium\"><div class=\"l-section-h i-cf\"><div class=\"g-cols vc_row type_default valign_top\"><div class=\"vc_col-sm-12 wpb_column vc_column_container\"><div class=\"vc_column-inner\"><div class=\"wpb_wrapper\"><h3 class=\"w-post-elm post_title us_custom_6549b382 entry-title color_link_inherit has_text_color\">Sub Gerencia de Promoci\u00f3n Social<\/h3><\/div><\/div><\/div><\/div><\/div><\/section><section class=\"l-section wpb_row us_custom_1f64da91 height_medium\"><div class=\"l-section-h i-cf\"><div class=\"g-cols vc_row type_default valign_top\"><div class=\"vc_col-sm-8 wpb_column vc_column_container\"><div class=\"vc_column-inner\"><div class=\"wpb_wrapper\"><div class=\"wpb_text_column\" ><div class=\"wpb_wrapper\"><p><span data-huuid=\"12410467837559226619\">La Sub Gerencia de Promoci\u00f3n Social, es la encargada de programar, organizar, coordinar, ejecutar, supervisar, controlar y evaluar acciones relacionadas con los programas asistenciales y de salud aplicando pol\u00edticas y estrategias para el \u00f3ptimo uso de los recursos p\u00fablicos y contribuir en la pol\u00edtica de Estado de lucha contra la desnutrici\u00f3n y la pobreza en la jurisdicci\u00f3n del distrito.<\/span><\/p>\n<\/div><\/div>[vc_empty_space]<h2 class=\"w-text\"><span class=\"w-text-h\"><i class=\"far fa-users\"><\/i><span class=\"w-text-value\">Son funciones de la Sub Gerencia de Promoci\u00f3n Social las siguientes:<\/span><\/span><\/h2><div class=\"wpb_text_column\" ><div class=\"wpb_wrapper\"><div class=\"WaaZC\"><\/div>\n<div class=\"WaaZC\">\n<div class=\"RJPOee EIJn2\">\n<ol style=\"text-align: justify;\">\n<li class=\"rPeykc\" data-hveid=\"CBQQAQ\" data-ved=\"2ahUKEwiqhuH6ttmQAxXbp5UCHTi4JWAQo_EKegQIFBAB\"><span data-huuid=\"1485272599015479199\">Promover e impulsar el desarrollo de los comit\u00e9s de vaso de leche de la jurisdicci\u00f3n del distrito de Santo Domingo de los Olleros.<\/span><\/li>\n<li class=\"rPeykc\" data-hveid=\"CBQQAQ\" data-ved=\"2ahUKEwiqhuH6ttmQAxXbp5UCHTi4JWAQo_EKegQIFBAB\"><span data-huuid=\"1485272599015481073\">Identificar los programas sociales aplicables en el distrito, en especial los de asistencia alimentaria estatales y privados con el fin de definir sus l\u00edneas de acci\u00f3n.<\/span><\/li>\n<li class=\"rPeykc\" data-hveid=\"CBQQAQ\" data-ved=\"2ahUKEwiqhuH6ttmQAxXbp5UCHTi4JWAQo_EKegQIFBAB\"><span data-huuid=\"1485272599015478851\">Propiciar la participaci\u00f3n de los comit\u00e9s del PVL en la formulaci\u00f3n de los presupuestos participativos y los planes de concertaci\u00f3n local.<\/span><\/li>\n<li class=\"rPeykc\" data-hveid=\"CBQQAQ\" data-ved=\"2ahUKEwiqhuH6ttmQAxXbp5UCHTi4JWAQo_EKegQIFBAB\"><span data-huuid=\"1485272599015480725\">Dise\u00f1ar pol\u00edticas de servicio social referentes a asistencia alimentaria y salud.<\/span><\/li>\n<li class=\"rPeykc\" data-hveid=\"CBQQAQ\" data-ved=\"2ahUKEwiqhuH6ttmQAxXbp5UCHTi4JWAQo_EKegQIFBAB\"><span data-huuid=\"1485272599015478503\">Elaborar y ejecutar el Plan Operativo Institucional correspondiente a la Unidad Org\u00e1nica, disponiendo eficiente y eficazmente de los recursos econ\u00f3micos, materiales y equipos asignados.<\/span><\/li>\n<\/ol>\n<\/div>\n<\/div>\n<\/div><\/div><\/div><\/div><\/div><div class=\"vc_col-sm-4 wpb_column vc_column_container\"><div class=\"vc_column-inner\"><div class=\"wpb_wrapper\"><div class=\"ult-team-member-wrap ult-style-1  \"><div class=\"ult-team-member-image\" style=\"\"> <img class=\"\" src=\"http:\/\/web.muniolleroshuarochiri.gob.pe\/portal\/wp-content\/uploads\/2025\/12\/Cule.png\" alt=\"null\"  style=\"\"><span class=\"ult-team-member-image-overlay \"  ><\/span><\/div><div class=\"ult-team-member-bio-wrap style-1 ultimate-heading69e36d722c1f4\" style=\"text-align:center;; \"><div class=\"ult-team-member-name-wrap\"><h2 class=\"ult-team-member-name ult-responsive\"  data-ultimate-target='.ult-team-member-bio-wrap.ultimate-heading69e36d722c1f4 .ult-team-member-name'  data-responsive-json-new='{\"font-size\":\"\",\"line-height\":\"\"}'  style=\"\">Jharhol Estefany Cule Ledesma<\/h2><div class=\"ult-team-member-position ult-responsive\"  data-ultimate-target='.ult-team-member-bio-wrap.ultimate-heading69e36d722c1f4 .ult-team-member-position'  data-responsive-json-new='{\"font-size\":\"\",\"line-height\":\"\"}'  style=\"\">Sub Gerencia de Promoci\u00f3n Social<\/div><div class=\"ult-team-member-description ult-responsive\"  data-ultimate-target='.ult-team-member-bio-wrap.ultimate-heading69e36d722c1f4 .ult-team-member-description'  data-responsive-json-new='{\"font-size\":\"\",\"line-height\":\"\"}'  style=\"\"><p><strong>Correo municipal: <\/strong>estefany.cule@muniolleroshuarochiri.gob.pe<\/p><\/div><div style=\"margin-bottom:15px\"><\/div><\/div><\/div><\/div><\/div><\/div><\/div><\/div><\/div><\/section><!-- Row Backgrounds --><div class=\"upb_color\" data-bg-override=\"0\" data-bg-color=\"#f4f4f4\" data-fadeout=\"\" data-fadeout-percentage=\"30\" data-parallax-content=\"\" data-parallax-content-sense=\"30\" data-row-effect-mobile-disable=\"true\" data-img-parallax-mobile-disable=\"true\" data-rtl=\"false\"  data-custom-vc-row=\"\"  data-vc=\"6.11.0\"  data-is_old_vc=\"\"  data-theme-support=\"\"   data-overlay=\"false\" data-overlay-color=\"\" data-overlay-pattern=\"\" data-overlay-pattern-opacity=\"\" data-overlay-pattern-size=\"\"    ><\/div><section class=\"l-section wpb_row height_medium\"><div class=\"l-section-h i-cf\"><div class=\"g-cols vc_row type_default valign_top\"><div class=\"vc_col-sm-6 wpb_column vc_column_container\"><div class=\"vc_column-inner\"><div class=\"wpb_wrapper\"><div class=\"wpb_text_column\" ><div class=\"wpb_wrapper\"><ol style=\"text-align: justify;\" start=\"6\">\n<li><span data-huuid=\"1485272599015480377\">Promover campa\u00f1as de vacunaci\u00f3n y prevenci\u00f3n en coordinaci\u00f3n con el MINSA, ESSALUD y otras organizaciones estatales y no estatales en materia de salud.<\/span><\/li>\n<li><span data-huuid=\"1485272599015478155\">Indicar el tr\u00e1mite para el reconocimiento de las organizaciones de los comit\u00e9s del PVL con arreglo a las normas y disposiciones legales vigentes sobre la materia y proceder a su registro.<\/span><\/li>\n<li><span data-huuid=\"1485272599015480029\">Velar celosamente de todo el acervo documentado existente en su \u00e1rea.<\/span><\/li>\n<li><span data-huuid=\"1485272599015477807\">Informar a Contralor\u00eda General de la Rep\u00fablica respecto a la cantidad de beneficiarios y productos distribuidos en los plazos establecidos de acuerdo a Ley y en los formatos preestablecidos para tal fin.<\/span><\/li>\n<li><span data-huuid=\"1485272599015479681\">Distribuir los productos adquiridos por la Municipalidad a todos los comit\u00e9s inscritos y registrados en el padr\u00f3n de las organizaciones sociales de base.<\/span><\/li>\n<\/ol>\n<\/div><\/div><\/div><\/div><\/div><div class=\"vc_col-sm-6 wpb_column vc_column_container\"><div class=\"vc_column-inner\"><div class=\"wpb_wrapper\"><div class=\"wpb_text_column\" ><div class=\"wpb_wrapper\"><ol style=\"text-align: justify;\" start=\"11\">\n<li><span data-huuid=\"1485272599015477459\">Informar mensualmente al comit\u00e9 de administraci\u00f3n de PVL, a las instancias superiores respecto de la distribuci\u00f3n del producto.<\/span><\/li>\n<li><span data-huuid=\"1485272599015479333\">Velar por el cumplimiento estricto de las obligaciones de los proveedores de los insumos, contenidos en los contratos de suministro, especialmente las certificaciones de las pruebas de calidad exigidas.<\/span><\/li>\n<li><span data-huuid=\"1485272599015481207\">Participar como miembro activo en el Comit\u00e9 de Administraci\u00f3n del PVL.<\/span><\/li>\n<li><span data-huuid=\"1485272599015478985\">Desarrollar planes y programas de orientaci\u00f3n sobre nutrici\u00f3n tanto para los programas sociales del adulto mayor, comedores populares, programas infantiles y todos relacionados con la Nutrici\u00f3n Alimentaria con \u00e9nfasis en el programa de vaso de leche.<\/span><\/li>\n<\/ol>\n<\/div><\/div><\/div><\/div><\/div><\/div><\/div><\/section>\n<\/section>","protected":false},"excerpt":{"rendered":"[vc_empty_space height=\"150px\"]Sub Gerencia de Promoci\u00f3n SocialLa Sub Gerencia de Promoci\u00f3n Social, es la encargada de programar, organizar, coordinar, ejecutar, supervisar, controlar y evaluar acciones relacionadas con los programas asistenciales y de salud aplicando pol\u00edticas y estrategias para el \u00f3ptimo uso de los recursos p\u00fablicos y contribuir en la pol\u00edtica de Estado de lucha contra la...","protected":false},"author":9,"featured_media":0,"parent":0,"menu_order":0,"comment_status":"closed","ping_status":"closed","template":"","meta":[],"acf":[],"_links":{"self":[{"href":"http:\/\/web.muniolleroshuarochiri.gob.pe\/portal\/wp-json\/wp\/v2\/pages\/10105"}],"collection":[{"href":"http:\/\/web.muniolleroshuarochiri.gob.pe\/portal\/wp-json\/wp\/v2\/pages"}],"about":[{"href":"http:\/\/web.muniolleroshuarochiri.gob.pe\/portal\/wp-json\/wp\/v2\/types\/page"}],"author":[{"embeddable":true,"href":"http:\/\/web.muniolleroshuarochiri.gob.pe\/portal\/wp-json\/wp\/v2\/users\/9"}],"replies":[{"embeddable":true,"href":"http:\/\/web.muniolleroshuarochiri.gob.pe\/portal\/wp-json\/wp\/v2\/comments?post=10105"}],"version-history":[{"count":7,"href":"http:\/\/web.muniolleroshuarochiri.gob.pe\/portal\/wp-json\/wp\/v2\/pages\/10105\/revisions"}],"predecessor-version":[{"id":11059,"href":"http:\/\/web.muniolleroshuarochiri.gob.pe\/portal\/wp-json\/wp\/v2\/pages\/10105\/revisions\/11059"}],"wp:attachment":[{"href":"http:\/\/web.muniolleroshuarochiri.gob.pe\/portal\/wp-json\/wp\/v2\/media?parent=10105"}],"curies":[{"name":"wp","href":"https:\/\/api.w.org\/{rel}","templated":true}]}}