{"id":5906,"date":"2023-02-22T03:41:14","date_gmt":"2023-02-22T03:41:14","guid":{"rendered":"https:\/\/muniolleroshuarochiri.gob.pe\/portal\/?page_id=5906"},"modified":"2026-03-24T20:23:35","modified_gmt":"2026-03-24T20:23:35","slug":"historia2","status":"publish","type":"page","link":"http:\/\/web.muniolleroshuarochiri.gob.pe\/portal\/historia2\/","title":{"rendered":"Historia del Distrito"},"content":{"rendered":"<section class=\"wpb-content-wrapper\"><section class=\"l-section wpb_row us_custom_1f34af26 height_medium with_img\"><div class=\"l-section-img\" style=\"background-image: url(http:\/\/web.muniolleroshuarochiri.gob.pe\/portal\/wp-content\/uploads\/2023\/02\/cabeceras.jpg);background-position: bottom right;background-repeat: no-repeat;background-size: contain;\" data-img-width=\"1930\" data-img-height=\"310\"><\/div><div class=\"l-section-h i-cf\"><div class=\"g-cols vc_row type_default valign_top\"><div class=\"vc_col-sm-6 wpb_column vc_column_container has_text_color\"><div class=\"vc_column-inner us_custom_6df4bc3a\"><div class=\"wpb_wrapper\"><div id=\"ultimate-heading-948669e1fe60e1e6f\" class=\"uvc-heading ult-adjust-bottom-margin ultimate-heading-948669e1fe60e1e6f uvc-1629 \" data-hspacer=\"no_spacer\"  data-halign=\"left\" style=\"text-align:left\"><div class=\"uvc-heading-spacer no_spacer\" style=\"top\"><\/div><div class=\"uvc-main-heading ult-responsive\"  data-ultimate-target='.uvc-heading.ultimate-heading-948669e1fe60e1e6f h1'  data-responsive-json-new='{\"font-size\":\"\",\"line-height\":\"\"}' ><h1 style=\"font-weight:bold;color:#024997;\">Historia del Distrito<\/h1><\/div><\/div><ol class=\"g-breadcrumbs us_custom_65994baf separator_icon align_left has_text_color\" itemscope itemtype=\"http:\/\/schema.org\/BreadcrumbList\"><li class=\"g-breadcrumbs-item\" itemprop=\"itemListElement\" itemscope itemtype=\"http:\/\/schema.org\/ListItem\"><a itemprop=\"item\" href=\"http:\/\/web.muniolleroshuarochiri.gob.pe\/portal\/\"><span itemprop=\"name\">Inicio<\/span><\/a><meta itemprop=\"position\" content=\"1\"\/><\/li><li class=\"g-breadcrumbs-separator\"><i class=\"far fa-angle-right\"><\/i><\/li><li class=\"g-breadcrumbs-item\">P\u00e1ginas<\/li><\/ol><\/div><\/div><\/div><div class=\"vc_col-sm-6 wpb_column vc_column_container\"><div class=\"vc_column-inner\"><div class=\"wpb_wrapper\"><\/div><\/div><\/div><\/div><\/div><\/section><section class=\"l-section wpb_row us_custom_47d41236 height_small\"><div class=\"l-section-h i-cf\"><div class=\"g-cols vc_row type_default valign_top\"><div class=\"vc_col-sm-12 wpb_column vc_column_container has_text_color\"><div class=\"vc_column-inner us_custom_dcd1bffd\"><div class=\"wpb_wrapper\"><div id=\"ultimate-heading-558769e1fe60e2be4\" class=\"uvc-heading ult-adjust-bottom-margin ultimate-heading-558769e1fe60e2be4 uvc-8663 \" data-hspacer=\"no_spacer\"  data-halign=\"center\" style=\"text-align:center\"><div class=\"uvc-heading-spacer no_spacer\" style=\"top\"><\/div><div class=\"uvc-main-heading ult-responsive\"  data-ultimate-target='.uvc-heading.ultimate-heading-558769e1fe60e2be4 h2'  data-responsive-json-new='{\"font-size\":\"desktop:36px;\",\"line-height\":\"\"}' ><h2 style=\"font-weight:normal;\">Vamos Olleros por el gran cambio<\/h2><\/div><\/div><\/div><\/div><\/div><\/div><\/div><\/section><section class=\"l-section wpb_row height_medium\"><div class=\"l-section-h i-cf\"><div class=\"g-cols vc_row type_default valign_top\"><div class=\"vc_col-sm-3 vc_hidden-sm vc_hidden-xs wpb_column vc_column_container has_text_color\"><div class=\"vc_column-inner us_custom_8b3d6790\"><div class=\"wpb_wrapper\">[vc_wp_custommenu nav_menu=\u00bb7&#8243; title=\u00bbDistrito\u00bb]<\/div><\/div><\/div><div class=\"vc_col-sm-9 wpb_column vc_column_container\"><div class=\"vc_column-inner\"><div class=\"wpb_wrapper\"><div id=\"ultimate-heading-566369e1fe60e2ead\" class=\"uvc-heading ult-adjust-bottom-margin ultimate-heading-566369e1fe60e2ead uvc-5757 \" data-hspacer=\"no_spacer\"  data-halign=\"center\" style=\"text-align:center\"><div class=\"uvc-heading-spacer no_spacer\" style=\"top\"><\/div><div class=\"uvc-main-heading ult-responsive\"  data-ultimate-target='.uvc-heading.ultimate-heading-566369e1fe60e2ead h2'  data-responsive-json-new='{\"font-size\":\"desktop:36px;\",\"line-height\":\"\"}' ><h2 style=\"font-weight:bold;color:#ffe202;margin-bottom:20px;\">Historia del Distrito<\/h2><\/div><\/div><div id=\"ultimate-heading-702369e1fe60e2ee5\" class=\"uvc-heading ult-adjust-bottom-margin ultimate-heading-702369e1fe60e2ee5 uvc-4549 \" data-hspacer=\"no_spacer\"  data-halign=\"left\" style=\"text-align:left\"><div class=\"uvc-heading-spacer no_spacer\" style=\"top\"><\/div><div class=\"uvc-sub-heading ult-responsive\"  data-ultimate-target='.uvc-heading.ultimate-heading-702369e1fe60e2ee5 .uvc-sub-heading '  data-responsive-json-new='{\"font-size\":\"\",\"line-height\":\"\"}'  style=\"font-weight:normal;color:#666666;margin-bottom:20px;\">\n<div class=\"uvc-sub-heading ult-responsive\" data-ultimate-target=\".uvc-heading.ultimate-heading-413563f56b6fb78ca .uvc-sub-heading \" data-responsive-json-new=\"{&quot;font-size&quot;:&quot;&quot;,&quot;line-height&quot;:&quot;&quot;}\">\n<p>El distrito tiene como capital al pueblo de <strong>Santo Domingo de los Olleros<\/strong>, cuyo nombre se deriva de Santo Domingo de Guzm\u00e1n que est\u00e1 en el templo de la capital distrital y es patr\u00f3n del mismo; y con el de Olleros, en honor a los artesanos fabricantes de ollas alfareras que hacen t\u00edpico al distrito.<\/p>\n<p>Cuenta con centros poblados que se localizan en zona de costa y zona de Sierra.<\/p>\n<p>Pol\u00edticamente, como distrito, data del <strong>4 de agosto de 1821<\/strong> cuando se crea la Provincia de Huarochir\u00ed incluyendo a Olleros (hoy Santo Domingo de los Olleros) como distrito.<\/p>\n<p>Sus centros poblados, conforme anota Mar\u00eda Rostworowski, sin embargo, ten\u00edan larga data pues durante el colonialismo espa\u00f1ol junto con otros pueblos eran parte del Corregimiento de Yauyos formada por cinco repartimientos, uno de los cuales era Huarochir\u00ed donde se inclu\u00edan cinco guarangas, una de las cuales era Langasica, donde se localizaba el actual pueblo de Santo Domingo de los Olleros y sus ayllus aleda\u00f1os como Socuia, Alacurco, Uchuc Mari, Limaibilca, Zambilla, Julia Uma Uma y Llana (yana); as\u00ed como el pueblo de San Pedro de Chiacancha de Matara junto a su ayllu La Casica (Cacasica). Ya, entonces, exist\u00eda la Provincia de Yauyos y el distrito de Huarochir\u00ed, a la usanza colonialista.<\/p>\n<p>Desde los tiempos de los Incas Quechuas y de los Se\u00f1or\u00edos Ind\u00edgenas, lo que Pablo Macera denomina la etapa independiente de lo que hoy es el Per\u00fa, los pueblos del hoy distrito de Santo Domingo de los Olleros ten\u00edan ya existencia lo que nos hace parte de los pueblos del mundo que pasan del milenio.<\/p>\n<\/div>\n<\/div><\/div><\/div><\/div><\/div><\/div><\/div><\/section><section class=\"l-section wpb_row height_medium\"><div class=\"l-section-h i-cf\"><div class=\"g-cols vc_row type_default valign_top\"><div class=\"vc_col-sm-12 wpb_column vc_column_container\"><div class=\"vc_column-inner\"><div class=\"wpb_wrapper\">[vc_images_carousel images=\u00bb6101,6103,6104,6105,6106&#8243; onclick=\u00bblink_no\u00bb title=\u00bbAccesos\u00bb]<\/div><\/div><\/div><\/div><\/div><\/section>\n<\/section>","protected":false},"excerpt":{"rendered":"Historia del DistritoInicioP\u00e1ginasVamos Olleros por el gran cambio[vc_wp_custommenu nav_menu=\"7\" title=\"Distrito\"]Historia del Distrito El distrito tiene como capital al pueblo de Santo Domingo de los Olleros, cuyo nombre se deriva de Santo Domingo de Guzm\u00e1n que est\u00e1 en el templo de la capital distrital y es patr\u00f3n del mismo; y con el de Olleros, en honor...","protected":false},"author":1,"featured_media":0,"parent":0,"menu_order":0,"comment_status":"closed","ping_status":"closed","template":"","meta":[],"acf":[],"_links":{"self":[{"href":"http:\/\/web.muniolleroshuarochiri.gob.pe\/portal\/wp-json\/wp\/v2\/pages\/5906"}],"collection":[{"href":"http:\/\/web.muniolleroshuarochiri.gob.pe\/portal\/wp-json\/wp\/v2\/pages"}],"about":[{"href":"http:\/\/web.muniolleroshuarochiri.gob.pe\/portal\/wp-json\/wp\/v2\/types\/page"}],"author":[{"embeddable":true,"href":"http:\/\/web.muniolleroshuarochiri.gob.pe\/portal\/wp-json\/wp\/v2\/users\/1"}],"replies":[{"embeddable":true,"href":"http:\/\/web.muniolleroshuarochiri.gob.pe\/portal\/wp-json\/wp\/v2\/comments?post=5906"}],"version-history":[{"count":12,"href":"http:\/\/web.muniolleroshuarochiri.gob.pe\/portal\/wp-json\/wp\/v2\/pages\/5906\/revisions"}],"predecessor-version":[{"id":12124,"href":"http:\/\/web.muniolleroshuarochiri.gob.pe\/portal\/wp-json\/wp\/v2\/pages\/5906\/revisions\/12124"}],"wp:attachment":[{"href":"http:\/\/web.muniolleroshuarochiri.gob.pe\/portal\/wp-json\/wp\/v2\/media?parent=5906"}],"curies":[{"name":"wp","href":"https:\/\/api.w.org\/{rel}","templated":true}]}}