{"id":9902,"date":"2025-11-04T15:15:57","date_gmt":"2025-11-04T15:15:57","guid":{"rendered":"https:\/\/web.muniolleroshuarochiri.gob.pe\/portal\/?page_id=9902"},"modified":"2025-12-02T16:22:20","modified_gmt":"2025-12-02T16:22:20","slug":"oficina-general-de-planeamiento-y-presupuesto","status":"publish","type":"page","link":"http:\/\/web.muniolleroshuarochiri.gob.pe\/portal\/oficina-general-de-planeamiento-y-presupuesto\/","title":{"rendered":"Oficina General de planeamiento y Presupuesto"},"content":{"rendered":"<section class=\"wpb-content-wrapper\"><section class=\"l-section wpb_row height_medium\"><div class=\"l-section-h i-cf\"><div class=\"g-cols vc_row type_default valign_top\"><div class=\"vc_col-sm-12 wpb_column vc_column_container\"><div class=\"vc_column-inner\"><div class=\"wpb_wrapper\">[vc_empty_space height=\u00bb150px\u00bb]<\/div><\/div><\/div><\/div><\/div><\/section><section class=\"l-section wpb_row height_medium\"><div class=\"l-section-h i-cf\"><div class=\"g-cols vc_row type_default valign_top\"><div class=\"vc_col-sm-12 wpb_column vc_column_container\"><div class=\"vc_column-inner\"><div class=\"wpb_wrapper\"><h3 class=\"w-post-elm post_title us_custom_6549b382 entry-title color_link_inherit has_text_color\">Oficina General de planeamiento y Presupuesto<\/h3><\/div><\/div><\/div><\/div><\/div><\/section><section class=\"l-section wpb_row us_custom_1f64da91 height_medium\"><div class=\"l-section-h i-cf\"><div class=\"g-cols vc_row type_default valign_top\"><div class=\"vc_col-sm-8 wpb_column vc_column_container\"><div class=\"vc_column-inner\"><div class=\"wpb_wrapper\"><div class=\"wpb_text_column\" ><div class=\"wpb_wrapper\"><p>La Oficina General de Planeamiento y Presupuesto, es un \u00f3rgano de asesoramiento que tiene como objetivo elaborar el Plan de Desarrollo Concertado a mediano y largo plazo en concordancia con los Planes y Programas; as\u00ed como el Plan Operativo y Presupuesto Participativo anual, definiendo los objetivos y prioridades de la acci\u00f3n municipal para alcanzar el bienestar de los vecinos.<\/p>\n<p>Adem\u00e1s, tiene por objeto la evaluaci\u00f3n, organizaci\u00f3n y canalizaci\u00f3n de los proyectos de inter\u00e9s distrital a fin que sean financiados a trav\u00e9s de la participaci\u00f3n de la cooperaci\u00f3n Nacional e Internacional.<\/p>\n<p>As\u00ed mismo generar las estrategias y procesos de Desarrollo Institucional Municipal para la producci\u00f3n de los bienes y servicios p\u00fablicos se adecuen a los objetivos y metas de los planes aprobados en beneficio de la comunidad, as\u00ed mismo realizar actividades en el proceso de la programaci\u00f3n multianual de inversi\u00f3n.<\/p>\n<p>Est\u00e1 a cargo de un Servidor P\u00fablico de confianza, a tiempo completo y a dedicaci\u00f3n exclusiva, quien depende jer\u00e1rquicamente de la Gerente Municipal.<\/p>\n<\/div><\/div>[vc_empty_space]<h2 class=\"w-text\"><span class=\"w-text-h\"><i class=\"far fa-users\"><\/i><span class=\"w-text-value\">Son funciones de la Oficina General de Planeamiento y Presupuesto:<\/span><\/span><\/h2><div class=\"wpb_text_column\" ><div class=\"wpb_wrapper\"><ol>\n<li>Elaborar y ejecutar el Plan Operativo Institucional correspondiente a la Unidad Org\u00e1nica, disponiendo eficiente y eficazmente de los recursos econ\u00f3micos, materiales y equipos asignados.<\/li>\n<li>Realizar la conciliaci\u00f3n semestral y anual del marco legal del presupuesto.<\/li>\n<\/ol>\n<\/div><\/div><\/div><\/div><\/div><div class=\"vc_col-sm-4 wpb_column vc_column_container\"><div class=\"vc_column-inner\"><div class=\"wpb_wrapper\"><div class=\"ult-team-member-wrap ult-style-1  \"><div class=\"ult-team-member-image\" style=\"\"> <img class=\"\" src=\"http:\/\/web.muniolleroshuarochiri.gob.pe\/portal\/wp-content\/uploads\/2025\/12\/Edy-Alberto.jpg\" alt=\"null\"  style=\"\"><span class=\"ult-team-member-image-overlay \"  ><\/span><\/div><div class=\"ult-team-member-bio-wrap style-1 ultimate-heading69e36d1ea5cf4\" style=\"text-align:center;; \"><div class=\"ult-team-member-name-wrap\"><h2 class=\"ult-team-member-name ult-responsive\"  data-ultimate-target='.ult-team-member-bio-wrap.ultimate-heading69e36d1ea5cf4 .ult-team-member-name'  data-responsive-json-new='{\"font-size\":\"\",\"line-height\":\"\"}'  style=\"\">Edy Alberto Alor Pacheco<\/h2><div class=\"ult-team-member-position ult-responsive\"  data-ultimate-target='.ult-team-member-bio-wrap.ultimate-heading69e36d1ea5cf4 .ult-team-member-position'  data-responsive-json-new='{\"font-size\":\"\",\"line-height\":\"\"}'  style=\"\">Encargado de la Oficina General de Asesor\u00eda Jur\u00eddica<\/div><div class=\"ult-team-member-description ult-responsive\"  data-ultimate-target='.ult-team-member-bio-wrap.ultimate-heading69e36d1ea5cf4 .ult-team-member-description'  data-responsive-json-new='{\"font-size\":\"\",\"line-height\":\"\"}'  style=\"\"><p><strong>Correo municipal: <\/strong>edy.alor@muniolleroshuarochiri.gob.pe<\/p><\/div><div style=\"margin-bottom:15px\"><\/div><\/div><\/div><\/div><\/div><\/div><\/div><\/div><\/div><\/section><!-- Row Backgrounds --><div class=\"upb_color\" data-bg-override=\"0\" data-bg-color=\"#f4f4f4\" data-fadeout=\"\" data-fadeout-percentage=\"30\" data-parallax-content=\"\" data-parallax-content-sense=\"30\" data-row-effect-mobile-disable=\"true\" data-img-parallax-mobile-disable=\"true\" data-rtl=\"false\"  data-custom-vc-row=\"\"  data-vc=\"6.11.0\"  data-is_old_vc=\"\"  data-theme-support=\"\"   data-overlay=\"false\" data-overlay-color=\"\" data-overlay-pattern=\"\" data-overlay-pattern-opacity=\"\" data-overlay-pattern-size=\"\"    ><\/div><section class=\"l-section wpb_row height_medium\"><div class=\"l-section-h i-cf\"><div class=\"g-cols vc_row type_default valign_top\"><div class=\"vc_col-sm-4 wpb_column vc_column_container\"><div class=\"vc_column-inner\"><div class=\"wpb_wrapper\"><div class=\"ult-team-member-wrap ult-style-1  \"><div class=\"ult-team-member-image\" style=\"\"> <img class=\"\" src=\"http:\/\/web.muniolleroshuarochiri.gob.pe\/portal\/wp-content\/uploads\/2025\/12\/Angel-kenyi.jpg\" alt=\"null\"  style=\"\"><span class=\"ult-team-member-image-overlay \"  ><\/span><\/div><div class=\"ult-team-member-bio-wrap style-1 ultimate-heading69e36d1ea626f\" style=\"text-align:center;; \"><div class=\"ult-team-member-name-wrap\"><h2 class=\"ult-team-member-name ult-responsive\"  data-ultimate-target='.ult-team-member-bio-wrap.ultimate-heading69e36d1ea626f .ult-team-member-name'  data-responsive-json-new='{\"font-size\":\"\",\"line-height\":\"\"}'  style=\"\">Angel Kenyi Julian Kispitongo<\/h2><div class=\"ult-team-member-position ult-responsive\"  data-ultimate-target='.ult-team-member-bio-wrap.ultimate-heading69e36d1ea626f .ult-team-member-position'  data-responsive-json-new='{\"font-size\":\"\",\"line-height\":\"\"}'  style=\"\">Asistente de Oficina General de Planeamiento y Presupuesto<\/div><div class=\"ult-team-member-description ult-responsive\"  data-ultimate-target='.ult-team-member-bio-wrap.ultimate-heading69e36d1ea626f .ult-team-member-description'  data-responsive-json-new='{\"font-size\":\"\",\"line-height\":\"\"}'  style=\"\"><p><strong>Correo municipal: <\/strong>angel.kispitongo@muniolleroshuarochiri.gob.pe<\/p><\/div><div style=\"margin-bottom:15px\"><\/div><\/div><\/div><\/div><\/div><\/div><\/div><div class=\"vc_col-sm-8 wpb_column vc_column_container\"><div class=\"vc_column-inner\"><div class=\"wpb_wrapper\"><div class=\"wpb_text_column\" ><div class=\"wpb_wrapper\"><ol style=\"text-align: justify;\" start=\"3\">\n<li>Planear, organizar, dirigir, ejecutar y controlar, en el \u00e1mbito institucional, los procesos t\u00e9cnicos de los Sistemas Administrativos de Presupuesto P\u00fablico.\u00a0Planeamiento Estrat\u00e9gico, Inversi\u00f3n P\u00fablica y Modernizaci\u00f3n.<\/li>\n<li>Dirigir el proceso de modernizaci\u00f3n de la gesti\u00f3n institucional de acuerdo a las normas y lineamientos t\u00e9cnicos sobre la materia.<\/li>\n<\/ol>\n<\/div><\/div><div class=\"wpb_text_column\" ><div class=\"wpb_wrapper\"><ol style=\"text-align: justify;\" start=\"5\">\n<li>Promover, asesorar y participar en la formulaci\u00f3n de la gesti\u00f3n de procesos, simplificaci\u00f3n administrativa y dem\u00e1s materias comprendidas en el Sistema administrativo de modernizaci\u00f3n de la gesti\u00f3n p\u00fablica.<\/li>\n<li>Aprobar la Programaci\u00f3n de Compromisos Anualizada (PCA) de la entidad<\/li>\n<li>Proponer y emitir informes t\u00e9cnicos para aprobar directivas y normas de aplicaci\u00f3n en el \u00e1mbito institucional relacionadas con los Sistemas Administrativos de Presupuesto P\u00fablico, Planeamiento Estrat\u00e9gico. Programaci\u00f3n Multianual de Inversiones y Modernizaci\u00f3n.<\/li>\n<li>Emitir opini\u00f3n t\u00e9cnica respecto a los documentos de gesti\u00f3n de la entidad, as\u00ed como de sus organismos p\u00fablicos adscritos.<\/li>\n<li>Dirigir la formulaci\u00f3n y actualizaci\u00f3n de los documentos o Instrumentos de Gesti\u00f3n tales como el ROF, CAP, MOF, MPP, MAPRO, POI, PEI, PDLC, TUPA, TUSNE, a trav\u00e9s de equipos de trabajo y unidades org\u00e1nicas.<\/li>\n<li>Evaluar y proponer el Proyecto de Presupuesto Institucional Anual con una perspectiva de programaci\u00f3n multianual y gestionar la aprobaci\u00f3n del Presupuesto Institucional de Apertura (PIA).<\/li>\n<li>Realizar el seguimiento de la ejecuci\u00f3n presupuestal del pliego institucional y pliegos de los organismos p\u00fablicos adscritos del Sector, elaborando proyecciones de gastos y de avance de metas financieras.<\/li>\n<li>Expedir resoluciones en las materias de su competencia.<\/li>\n<\/ol>\n<\/div><\/div><\/div><\/div><\/div><\/div><\/div><\/section>\n<\/section>","protected":false},"excerpt":{"rendered":"[vc_empty_space height=\"150px\"]Oficina General de planeamiento y PresupuestoLa Oficina General de Planeamiento y Presupuesto, es un \u00f3rgano de asesoramiento que tiene como objetivo elaborar el Plan de Desarrollo Concertado a mediano y largo plazo en concordancia con los Planes y Programas; as\u00ed como el Plan Operativo y Presupuesto Participativo anual, definiendo los objetivos y prioridades de...","protected":false},"author":9,"featured_media":0,"parent":0,"menu_order":0,"comment_status":"closed","ping_status":"closed","template":"","meta":[],"acf":[],"_links":{"self":[{"href":"http:\/\/web.muniolleroshuarochiri.gob.pe\/portal\/wp-json\/wp\/v2\/pages\/9902"}],"collection":[{"href":"http:\/\/web.muniolleroshuarochiri.gob.pe\/portal\/wp-json\/wp\/v2\/pages"}],"about":[{"href":"http:\/\/web.muniolleroshuarochiri.gob.pe\/portal\/wp-json\/wp\/v2\/types\/page"}],"author":[{"embeddable":true,"href":"http:\/\/web.muniolleroshuarochiri.gob.pe\/portal\/wp-json\/wp\/v2\/users\/9"}],"replies":[{"embeddable":true,"href":"http:\/\/web.muniolleroshuarochiri.gob.pe\/portal\/wp-json\/wp\/v2\/comments?post=9902"}],"version-history":[{"count":27,"href":"http:\/\/web.muniolleroshuarochiri.gob.pe\/portal\/wp-json\/wp\/v2\/pages\/9902\/revisions"}],"predecessor-version":[{"id":11823,"href":"http:\/\/web.muniolleroshuarochiri.gob.pe\/portal\/wp-json\/wp\/v2\/pages\/9902\/revisions\/11823"}],"wp:attachment":[{"href":"http:\/\/web.muniolleroshuarochiri.gob.pe\/portal\/wp-json\/wp\/v2\/media?parent=9902"}],"curies":[{"name":"wp","href":"https:\/\/api.w.org\/{rel}","templated":true}]}}