{"id":9916,"date":"2025-11-04T15:30:09","date_gmt":"2025-11-04T15:30:09","guid":{"rendered":"https:\/\/web.muniolleroshuarochiri.gob.pe\/portal\/?page_id=9916"},"modified":"2025-12-02T16:37:16","modified_gmt":"2025-12-02T16:37:16","slug":"oficina-general-de-administracion-y-finanzas","status":"publish","type":"page","link":"http:\/\/web.muniolleroshuarochiri.gob.pe\/portal\/oficina-general-de-administracion-y-finanzas\/","title":{"rendered":"Oficina General de Administraci\u00f3n y Finanzas"},"content":{"rendered":"<section class=\"wpb-content-wrapper\"><section class=\"l-section wpb_row height_medium\"><div class=\"l-section-h i-cf\"><div class=\"g-cols vc_row type_default valign_top\"><div class=\"vc_col-sm-12 wpb_column vc_column_container\"><div class=\"vc_column-inner\"><div class=\"wpb_wrapper\">[vc_empty_space height=\u00bb150px\u00bb]<\/div><\/div><\/div><\/div><\/div><\/section><section class=\"l-section wpb_row height_medium\"><div class=\"l-section-h i-cf\"><div class=\"g-cols vc_row type_default valign_top\"><div class=\"vc_col-sm-12 wpb_column vc_column_container\"><div class=\"vc_column-inner\"><div class=\"wpb_wrapper\"><h3 class=\"w-post-elm post_title us_custom_6549b382 entry-title color_link_inherit has_text_color\">Oficina General de Administraci\u00f3n y Finanzas<\/h3><\/div><\/div><\/div><\/div><\/div><\/section><section class=\"l-section wpb_row us_custom_1f64da91 height_medium\"><div class=\"l-section-h i-cf\"><div class=\"g-cols vc_row type_default valign_top\"><div class=\"vc_col-sm-8 wpb_column vc_column_container\"><div class=\"vc_column-inner\"><div class=\"wpb_wrapper\"><div class=\"wpb_text_column\" ><div class=\"wpb_wrapper\"><div class=\"WaaZC\">\n<div class=\"RJPOee EIJn2\">\n<div class=\"rPeykc\" data-hveid=\"CAIQAQ\" data-ved=\"2ahUKEwjPq_ri59iQAxWIIbkGHQYnJugQo_EKegQIAhAB\"><span data-huuid=\"6386611435856180220\">La Oficina General de Administraci\u00f3n y Finanzas es un \u00f3rgano de apoyo, que tiene como objetivo dotar de recursos humanos, econ\u00f3micos, financieros y log\u00edsticos suficientes y oportunos para el desarrollo de las actividades y proyectos de los \u00f3rganos conformantes de la Municipalidad, dentro del marco de la legalidad que regulan dichos procesos.<\/span><\/div>\n<\/div>\n<\/div>\n<div class=\"WaaZC\">\n<div class=\"RJPOee EIJn2\">\n<div class=\"rPeykc\" data-hveid=\"CAwQAQ\" data-ved=\"2ahUKEwjPq_ri59iQAxWIIbkGHQYnJugQo_EKegQIDBAB\"><span data-huuid=\"11349539209602680090\">Est\u00e1 a cargo de un Servidor P\u00fablico de Confianza y depende jer\u00e1rquicamente de la Gerencia Municipal;\u00a0<\/span><span data-huuid=\"11349539209602681993\">son \u00f3rganos de apoyo de la Oficina General de Administraci\u00f3n y Finanzas:<\/span><br \/>\n<span data-huuid=\"11349539209602681703\">Oficina de Contabilidad<\/span><br \/>\n<span data-huuid=\"11349539209602681413\">Oficina de Tesorer\u00eda<\/span><br \/>\n<span data-huuid=\"11349539209602681123\">Oficina de Gesti\u00f3n de Recursos Humanos<\/span><br \/>\n<span data-huuid=\"11349539209602680833\">Oficina de Log\u00edstica, Control Patrimonial, Almac\u00e9n y Maestranza<\/span><\/div>\n<\/div>\n<\/div>\n<\/div><\/div>[vc_empty_space]<h2 class=\"w-text\"><span class=\"w-text-h\"><i class=\"far fa-users\"><\/i><span class=\"w-text-value\">Son funciones de la Oficina general de Administraci\u00f3n y Finanzas:<\/span><\/span><\/h2><div class=\"wpb_text_column\" ><div class=\"wpb_wrapper\"><ol style=\"text-align: justify;\">\n<li><span data-huuid=\"3202257944097287789\">Elaborar y ejecutar el Plan Operativo Institucional correspondiente a la Unidad Org\u00e1nica, disponiendo eficiente y eficazmente de los recursos econ\u00f3micos, materiales y equipos asignados.<\/span><\/li>\n<li><span data-huuid=\"3202257944097285135\">Supervisar el control patrimonial y custodia de los activos y de los bienes en almac\u00e9n.<\/span><\/li>\n<li><span data-huuid=\"3202257944097286577\">Resolver en primera Instancia las solicitudes de reconocimiento de deuda y los pedidos de pago por todo concepto, incluso de aquellas provisiones de servicios en general, de bienes, consultar\u00eda y ejecuci\u00f3n de obras, realizados con la transgresi\u00f3n de las normas que rigen las Contrataciones del Estado.<\/span><\/li>\n<\/ol>\n<\/div><\/div><\/div><\/div><\/div><div class=\"vc_col-sm-4 wpb_column vc_column_container\"><div class=\"vc_column-inner\"><div class=\"wpb_wrapper\"><div class=\"ult-team-member-wrap ult-style-1  \"><div class=\"ult-team-member-image\" style=\"\"> <img class=\"\" src=\"http:\/\/web.muniolleroshuarochiri.gob.pe\/portal\/wp-content\/uploads\/2025\/12\/SUELDO.jpg\" alt=\"null\"  style=\"\"><span class=\"ult-team-member-image-overlay \"  ><\/span><\/div><div class=\"ult-team-member-bio-wrap style-1 ultimate-heading69e204467982e\" style=\"text-align:center;; \"><div class=\"ult-team-member-name-wrap\"><h2 class=\"ult-team-member-name ult-responsive\"  data-ultimate-target='.ult-team-member-bio-wrap.ultimate-heading69e204467982e .ult-team-member-name'  data-responsive-json-new='{\"font-size\":\"\",\"line-height\":\"\"}'  style=\"\">Belisario Roger Sueldo C\u00e1ceres<\/h2><div class=\"ult-team-member-position ult-responsive\"  data-ultimate-target='.ult-team-member-bio-wrap.ultimate-heading69e204467982e .ult-team-member-position'  data-responsive-json-new='{\"font-size\":\"\",\"line-height\":\"\"}'  style=\"\">Encargado de la Oficina General de Administraci\u00f3n y Finanzas<\/div><div class=\"ult-team-member-description ult-responsive\"  data-ultimate-target='.ult-team-member-bio-wrap.ultimate-heading69e204467982e .ult-team-member-description'  data-responsive-json-new='{\"font-size\":\"\",\"line-height\":\"\"}'  style=\"\"><p><strong>Correo municipal: <\/strong>belisario.sueldo@muniolleroshuarochiri.gob.pe<\/p><\/div><div style=\"margin-bottom:15px\"><\/div><\/div><\/div><\/div><\/div><\/div><\/div><\/div><\/div><\/section><!-- Row Backgrounds --><div class=\"upb_color\" data-bg-override=\"0\" data-bg-color=\"#f4f4f4\" data-fadeout=\"\" data-fadeout-percentage=\"30\" data-parallax-content=\"\" data-parallax-content-sense=\"30\" data-row-effect-mobile-disable=\"true\" data-img-parallax-mobile-disable=\"true\" data-rtl=\"false\"  data-custom-vc-row=\"\"  data-vc=\"6.11.0\"  data-is_old_vc=\"\"  data-theme-support=\"\"   data-overlay=\"false\" data-overlay-color=\"\" data-overlay-pattern=\"\" data-overlay-pattern-opacity=\"\" data-overlay-pattern-size=\"\"    ><\/div><section class=\"l-section wpb_row height_medium\"><div class=\"l-section-h i-cf\"><div class=\"g-cols vc_row type_default valign_top\"><div class=\"vc_col-sm-6 wpb_column vc_column_container\"><div class=\"vc_column-inner\"><div class=\"wpb_wrapper\"><div class=\"wpb_text_column\" ><div class=\"wpb_wrapper\"><ol style=\"text-align: justify;\" start=\"4\">\n<li>\n<div class=\"rPeykc\" data-hveid=\"CBIQAQ\" data-ved=\"2ahUKEwjPq_ri59iQAxWIIbkGHQYnJugQo_EKegQIEhAB\"><span data-huuid=\"3202257944097288019\">Dirigir y supervisar la formulaci\u00f3n de los estados financieros y presupuestarios de la entidad.<\/span><\/div>\n<\/li>\n<li>\n<div class=\"rPeykc\" data-hveid=\"CBIQAQ\" data-ved=\"2ahUKEwjPq_ri59iQAxWIIbkGHQYnJugQo_EKegQIEhAB\"><span data-huuid=\"3202257944097285365\">Proponer, gestionar, emitir y ejecutar los actos de adquisici\u00f3n, administraci\u00f3n, disposici\u00f3n, registro y supervisi\u00f3n de los bienes de la entidad.<\/span><\/div>\n<\/li>\n<li>\n<div class=\"rPeykc\" data-hveid=\"CBIQAQ\" data-ved=\"2ahUKEwjPq_ri59iQAxWIIbkGHQYnJugQo_EKegQIEhAB\"><span data-huuid=\"3202257944097286807\">Planear, organizar, dirigir, ejecutar y controlar, en el \u00e1mbito institucional, los procesos t\u00e9cnicos de los Sistemas Administrativos vinculados a la gesti\u00f3n de recursos humanos, log\u00edstica, contabilidad, tesorer\u00eda y endeudamiento p\u00fablico.<\/span><\/div>\n<\/li>\n<li>\n<div class=\"rPeykc\" data-hveid=\"CBIQAQ\" data-ved=\"2ahUKEwjPq_ri59iQAxWIIbkGHQYnJugQo_EKegQIEhAB\"><span data-huuid=\"13901850722486274685\">Participar en coordinaci\u00f3n con la Oficina General de Planeamiento y Presupuesto o la que haga sus veces, en las fases de programaci\u00f3n y formulaci\u00f3n del presupuesto institucional de la entidad, as\u00ed como conducir su fase de ejecuci\u00f3n.<\/span><\/div>\n<\/li>\n<li>\n<div class=\"rPeykc\" data-hveid=\"CBIQAQ\" data-ved=\"2ahUKEwjPq_ri59iQAxWIIbkGHQYnJugQo_EKegQIEhAB\"><span data-huuid=\"13901850722486275955\">Supervisar la administraci\u00f3n de los bienes muebles e inmuebles de la entidad, as\u00ed como del control y la actualizaci\u00f3n del marges\u00ed de los mismos.<\/span><\/div>\n<\/li>\n<li>\n<div class=\"rPeykc\" data-hveid=\"CBIQAQ\" data-ved=\"2ahUKEwjPq_ri59iQAxWIIbkGHQYnJugQo_EKegQIEhAB\"><span data-huuid=\"13901850722486273129\">Proponer y aprobar directivas y normas de aplicaci\u00f3n en el \u00e1mbito institucional relacionadas con los Sistemas Administrativos de gesti\u00f3n de recursos humanos, log\u00edstica, contabilidad, tesorer\u00eda y endeudamiento p\u00fablico.<\/span><\/div>\n<\/li>\n<\/ol>\n<\/div><\/div><\/div><\/div><\/div><div class=\"vc_col-sm-6 wpb_column vc_column_container\"><div class=\"vc_column-inner\"><div class=\"wpb_wrapper\"><div class=\"wpb_text_column\" ><div class=\"wpb_wrapper\"><ol style=\"text-align: justify;\" start=\"10\">\n<li><span data-huuid=\"13901850722486274399\">Emitir actos administrativos o de administraci\u00f3n que correspondan en el marco de las competencias asignadas en la normatividad vigente.<\/span><\/li>\n<li><span data-huuid=\"13901850722486275669\">Administrar y mantener actualizado en el \u00e1mbito de su competencia el Registro de Declaraciones Juradas de la Contralor\u00eda General de la Rep\u00fablica, de conformidad con la normatividad vigente.<\/span><\/li>\n<li><span data-huuid=\"13901850722486272843\">Efectuar el control previo y concurrente de las operaciones administrativas y financieras de la entidad, en cumplimiento de las normas del Sistema Administrativo de Control.<\/span><\/li>\n<li><span data-huuid=\"13901850722486274113\">Supervisar la ejecuci\u00f3n del Plan de Desarrollo de las Personas \u2013 PDP de la entidad.<\/span><\/li>\n<li><span data-huuid=\"13901850722486275383\">Autorizar el otorgamiento de encargos Internos, cuando el caso lo amerite<\/span><\/li>\n<li><span data-huuid=\"13901850722486272557\">Expedir resoluciones en las materias de su competencia.<\/span><\/li>\n<li><span data-huuid=\"13901850722486273827\">Resolver los pedidos de devoluci\u00f3n da pago de aquellos realizados indebidamente por cualquier tr\u00e1mite y cuya prestaci\u00f3n no se realiz\u00f3 o los que devienen de procedimientos viciados.<\/span><\/li>\n<\/ol>\n<\/div><\/div><\/div><\/div><\/div><\/div><\/div><\/section>\n<\/section>","protected":false},"excerpt":{"rendered":"[vc_empty_space height=\"150px\"]Oficina General de Administraci\u00f3n y Finanzas La Oficina General de Administraci\u00f3n y Finanzas es un \u00f3rgano de apoyo, que tiene como objetivo dotar de recursos humanos, econ\u00f3micos, financieros y log\u00edsticos suficientes y oportunos para el desarrollo de las actividades y proyectos de los \u00f3rganos conformantes de la Municipalidad, dentro del marco de la legalidad...","protected":false},"author":9,"featured_media":0,"parent":0,"menu_order":0,"comment_status":"closed","ping_status":"closed","template":"","meta":[],"acf":[],"_links":{"self":[{"href":"http:\/\/web.muniolleroshuarochiri.gob.pe\/portal\/wp-json\/wp\/v2\/pages\/9916"}],"collection":[{"href":"http:\/\/web.muniolleroshuarochiri.gob.pe\/portal\/wp-json\/wp\/v2\/pages"}],"about":[{"href":"http:\/\/web.muniolleroshuarochiri.gob.pe\/portal\/wp-json\/wp\/v2\/types\/page"}],"author":[{"embeddable":true,"href":"http:\/\/web.muniolleroshuarochiri.gob.pe\/portal\/wp-json\/wp\/v2\/users\/9"}],"replies":[{"embeddable":true,"href":"http:\/\/web.muniolleroshuarochiri.gob.pe\/portal\/wp-json\/wp\/v2\/comments?post=9916"}],"version-history":[{"count":9,"href":"http:\/\/web.muniolleroshuarochiri.gob.pe\/portal\/wp-json\/wp\/v2\/pages\/9916\/revisions"}],"predecessor-version":[{"id":11015,"href":"http:\/\/web.muniolleroshuarochiri.gob.pe\/portal\/wp-json\/wp\/v2\/pages\/9916\/revisions\/11015"}],"wp:attachment":[{"href":"http:\/\/web.muniolleroshuarochiri.gob.pe\/portal\/wp-json\/wp\/v2\/media?parent=9916"}],"curies":[{"name":"wp","href":"https:\/\/api.w.org\/{rel}","templated":true}]}}