{"id":9955,"date":"2025-11-04T17:58:32","date_gmt":"2025-11-04T17:58:32","guid":{"rendered":"https:\/\/web.muniolleroshuarochiri.gob.pe\/portal\/?page_id=9955"},"modified":"2025-12-02T17:39:12","modified_gmt":"2025-12-02T17:39:12","slug":"sub-gerencia-de-fiscalizacion-tributaria","status":"publish","type":"page","link":"http:\/\/web.muniolleroshuarochiri.gob.pe\/portal\/sub-gerencia-de-fiscalizacion-tributaria\/","title":{"rendered":"Sub Gerencia de Fiscalizaci\u00f3n Tributaria"},"content":{"rendered":"<section class=\"wpb-content-wrapper\"><section class=\"l-section wpb_row height_medium\"><div class=\"l-section-h i-cf\"><div class=\"g-cols vc_row type_default valign_top\"><div class=\"vc_col-sm-12 wpb_column vc_column_container\"><div class=\"vc_column-inner\"><div class=\"wpb_wrapper\">[vc_empty_space height=\u00bb150px\u00bb]<\/div><\/div><\/div><\/div><\/div><\/section><section class=\"l-section wpb_row height_medium\"><div class=\"l-section-h i-cf\"><div class=\"g-cols vc_row type_default valign_top\"><div class=\"vc_col-sm-12 wpb_column vc_column_container\"><div class=\"vc_column-inner\"><div class=\"wpb_wrapper\"><h3 class=\"w-post-elm post_title us_custom_6549b382 entry-title color_link_inherit has_text_color\">Sub Gerencia de Fiscalizaci\u00f3n Tributaria<\/h3><\/div><\/div><\/div><\/div><\/div><\/section><section class=\"l-section wpb_row us_custom_1f64da91 height_medium\"><div class=\"l-section-h i-cf\"><div class=\"g-cols vc_row type_default valign_top\"><div class=\"vc_col-sm-8 wpb_column vc_column_container\"><div class=\"vc_column-inner\"><div class=\"wpb_wrapper\"><div class=\"wpb_text_column\" ><div class=\"wpb_wrapper\"><p><span data-huuid=\"2395121708746146830\">La Sub Gerencia de Fiscalizaci\u00f3n Tributaria es una unidad org\u00e1nica de apoyo del tercer nivel organizacional, responsable de cautelar el cumplimiento de las normas y disposiciones municipales que contengan obligaciones o prohibiciones de cumplimiento obligatorio por todos los particulares, empresas e instituciones dentro de la jurisdicci\u00f3n del distrito, depura la base tributaria a trav\u00e9s de inspecciones, inscripciones, descargas, fiscalizaciones de predios, para generar los tributos correspondientes a cada contribuyente de acuerdo a Ley.<\/span><\/p>\n<\/div><\/div>[vc_empty_space]<h2 class=\"w-text\"><span class=\"w-text-h\"><i class=\"far fa-users\"><\/i><span class=\"w-text-value\">Son funciones de la Sub Gerencia de Fiscalizaci\u00f3n Tributaria:<\/span><\/span><\/h2><div class=\"wpb_text_column\" ><div class=\"wpb_wrapper\"><div class=\"WaaZC\"><\/div>\n<div class=\"WaaZC\">\n<div class=\"RJPOee EIJn2\">\n<ol style=\"text-align: justify;\">\n<li class=\"rPeykc\" data-hveid=\"CBAQAQ\" data-ved=\"2ahUKEwiN6Nv5iNmQAxV4qJUCHZCZBnUQo_EKegQIEBAB\"><span data-huuid=\"12819184077673928892\">Elaborar y ejecutar el Plan Operativo Institucional correspondiente a la Unidad Org\u00e1nica, disponiendo eficiente y eficazmente de los recursos econ\u00f3micos, materiales y equipos asignados.<\/span><\/li>\n<li class=\"rPeykc\" data-hveid=\"CBAQAQ\" data-ved=\"2ahUKEwiN6Nv5iNmQAxV4qJUCHZCZBnUQo_EKegQIEBAB\"><span data-huuid=\"12819184077673930026\">Programar, aprobar, ejecutar el proceso de fiscalizaci\u00f3n tributaria, orientada a detectar omisos, evasores y morosos de obligaciones tributarias a fin de incrementar la base tributaria Municipal; <\/span><span data-huuid=\"12819184077673928545\">as\u00ed como hacer cumplir las obligaciones tributarias y administrativas.<\/span><\/li>\n<li class=\"rPeykc\" data-hveid=\"CBAQAQ\" data-ved=\"2ahUKEwiN6Nv5iNmQAxV4qJUCHZCZBnUQo_EKegQIEBAB\"><span data-huuid=\"12819184077673929679\">Realizar inspecciones oculares a efecto de verificar las declaraciones juradas de disminuci\u00f3n de la base imponible en el plazo que establece el C\u00f3digo Tributario, emitiendo pronunciamiento respecto a la veracidad o exactitud de esta.<\/span><\/li>\n<li class=\"rPeykc\" data-hveid=\"CBAQAQ\" data-ved=\"2ahUKEwiN6Nv5iNmQAxV4qJUCHZCZBnUQo_EKegQIEBAB\"><span data-huuid=\"12819184077673926717\">Informar peri\u00f3dicamente a la Gerencia, sobre las acciones de fiscalizaci\u00f3n efectuadas y el resultado de las mismas, tendientes a ampliar la base tributaria y lograr el incremento de la Recaudaci\u00f3n.<\/span><\/li>\n<li class=\"rPeykc\" data-hveid=\"CBAQAQ\" data-ved=\"2ahUKEwiN6Nv5iNmQAxV4qJUCHZCZBnUQo_EKegQIEBAB\"><span data-huuid=\"12819184077673927851\">Iniciar y conducir el procedimiento sancionador para lo cual evaluara las circunstancias en la que se producen los hechos de infracci\u00f3n, considerando para su determinaci\u00f3n el descargo, los medios probatorios, argumentos jur\u00eddicos y otros que sean parte del descargo del infractor.<\/span><\/li>\n<li class=\"rPeykc\" data-hveid=\"CBAQAQ\" data-ved=\"2ahUKEwiN6Nv5iNmQAxV4qJUCHZCZBnUQo_EKegQIEBAB\"><span data-huuid=\"12819184077673928985\">Presentar proyectos de normatividad interna de su competencia a trav\u00e9s de Directivas, Reglamentos y otros documentos de Gesti\u00f3n interna.<\/span><\/li>\n<li class=\"rPeykc\" data-hveid=\"CBAQAQ\" data-ved=\"2ahUKEwiN6Nv5iNmQAxV4qJUCHZCZBnUQo_EKegQIEBAB\"><span data-huuid=\"12819184077673930119\">Emitir opini\u00f3n t\u00e9cnica sobre reclamaciones tributarias, as\u00ed como informes y proyectos de resoluci\u00f3n de los procedimientos respecto de los actos de su competencia.<\/span><\/li>\n<\/ol>\n<\/div>\n<\/div>\n<\/div><\/div><\/div><\/div><\/div><div class=\"vc_col-sm-4 wpb_column vc_column_container\"><div class=\"vc_column-inner\"><div class=\"wpb_wrapper\"><div class=\"ult-team-member-wrap ult-style-1  \"><div class=\"ult-team-member-image\" style=\"\"> <img class=\"\" src=\"http:\/\/web.muniolleroshuarochiri.gob.pe\/portal\/wp-content\/uploads\/2025\/12\/Jhon-Lenin.jpg\" alt=\"null\"  style=\"\"><span class=\"ult-team-member-image-overlay \"  ><\/span><\/div><div class=\"ult-team-member-bio-wrap style-1 ultimate-heading69e3664f7bdac\" style=\"text-align:center;; \"><div class=\"ult-team-member-name-wrap\"><h2 class=\"ult-team-member-name ult-responsive\"  data-ultimate-target='.ult-team-member-bio-wrap.ultimate-heading69e3664f7bdac .ult-team-member-name'  data-responsive-json-new='{\"font-size\":\"\",\"line-height\":\"\"}'  style=\"\">John Lenin Caceres Chavez<\/h2><div class=\"ult-team-member-position ult-responsive\"  data-ultimate-target='.ult-team-member-bio-wrap.ultimate-heading69e3664f7bdac .ult-team-member-position'  data-responsive-json-new='{\"font-size\":\"\",\"line-height\":\"\"}'  style=\"\">Encargado de la Sub Gerencia de Fiscalizaci\u00f3n Tributaria<\/div><div class=\"ult-team-member-description ult-responsive\"  data-ultimate-target='.ult-team-member-bio-wrap.ultimate-heading69e3664f7bdac .ult-team-member-description'  data-responsive-json-new='{\"font-size\":\"\",\"line-height\":\"\"}'  style=\"\"><p><strong>Correo municipal: <\/strong>john.caceres@muniolleroshuarochiri.gob.pe<\/p><\/div><div style=\"margin-bottom:15px\"><\/div><\/div><\/div><\/div><\/div><\/div><\/div><\/div><\/div><\/section><!-- Row Backgrounds --><div class=\"upb_color\" data-bg-override=\"0\" data-bg-color=\"#f4f4f4\" data-fadeout=\"\" data-fadeout-percentage=\"30\" data-parallax-content=\"\" data-parallax-content-sense=\"30\" data-row-effect-mobile-disable=\"true\" data-img-parallax-mobile-disable=\"true\" data-rtl=\"false\"  data-custom-vc-row=\"\"  data-vc=\"6.11.0\"  data-is_old_vc=\"\"  data-theme-support=\"\"   data-overlay=\"false\" data-overlay-color=\"\" data-overlay-pattern=\"\" data-overlay-pattern-opacity=\"\" data-overlay-pattern-size=\"\"    ><\/div>\n<\/section>","protected":false},"excerpt":{"rendered":"[vc_empty_space height=\"150px\"]Sub Gerencia de Fiscalizaci\u00f3n TributariaLa Sub Gerencia de Fiscalizaci\u00f3n Tributaria es una unidad org\u00e1nica de apoyo del tercer nivel organizacional, responsable de cautelar el cumplimiento de las normas y disposiciones municipales que contengan obligaciones o prohibiciones de cumplimiento obligatorio por todos los particulares, empresas e instituciones dentro de la jurisdicci\u00f3n del distrito, depura la...","protected":false},"author":9,"featured_media":0,"parent":0,"menu_order":0,"comment_status":"closed","ping_status":"closed","template":"","meta":[],"acf":[],"_links":{"self":[{"href":"http:\/\/web.muniolleroshuarochiri.gob.pe\/portal\/wp-json\/wp\/v2\/pages\/9955"}],"collection":[{"href":"http:\/\/web.muniolleroshuarochiri.gob.pe\/portal\/wp-json\/wp\/v2\/pages"}],"about":[{"href":"http:\/\/web.muniolleroshuarochiri.gob.pe\/portal\/wp-json\/wp\/v2\/types\/page"}],"author":[{"embeddable":true,"href":"http:\/\/web.muniolleroshuarochiri.gob.pe\/portal\/wp-json\/wp\/v2\/users\/9"}],"replies":[{"embeddable":true,"href":"http:\/\/web.muniolleroshuarochiri.gob.pe\/portal\/wp-json\/wp\/v2\/comments?post=9955"}],"version-history":[{"count":9,"href":"http:\/\/web.muniolleroshuarochiri.gob.pe\/portal\/wp-json\/wp\/v2\/pages\/9955\/revisions"}],"predecessor-version":[{"id":11050,"href":"http:\/\/web.muniolleroshuarochiri.gob.pe\/portal\/wp-json\/wp\/v2\/pages\/9955\/revisions\/11050"}],"wp:attachment":[{"href":"http:\/\/web.muniolleroshuarochiri.gob.pe\/portal\/wp-json\/wp\/v2\/media?parent=9955"}],"curies":[{"name":"wp","href":"https:\/\/api.w.org\/{rel}","templated":true}]}}