{"id":5890,"date":"2023-02-22T00:28:42","date_gmt":"2023-02-22T00:28:42","guid":{"rendered":"https:\/\/muniolleroshuarochiri.gob.pe\/portal\/?page_id=5890"},"modified":"2023-04-28T00:09:09","modified_gmt":"2023-04-28T00:09:09","slug":"decreto-de-alcaldia","status":"publish","type":"page","link":"https:\/\/web.muniolleroshuarochiri.gob.pe\/portal\/decreto-de-alcaldia\/","title":{"rendered":"Decreto de Alcald\u00eda"},"content":{"rendered":"<section class=\"wpb-content-wrapper\"><section class=\"l-section wpb_row us_custom_736ab359 height_medium with_img\"><div class=\"l-section-img\" style=\"background-image: url(https:\/\/web.muniolleroshuarochiri.gob.pe\/portal\/wp-content\/uploads\/2023\/02\/acuerdo-de-consejo.jpg);background-position: bottom center;background-repeat: no-repeat;background-size: auto;\" data-img-width=\"1930\" data-img-height=\"310\"><\/div><div class=\"l-section-h i-cf\"><div class=\"g-cols vc_row type_default valign_top\"><div class=\"vc_col-sm-6 wpb_column vc_column_container has_text_color\"><div class=\"vc_column-inner us_custom_6df4bc3a\"><div class=\"wpb_wrapper\"><div id=\"ultimate-heading-12869e74fb24dcef\" class=\"uvc-heading ult-adjust-bottom-margin ultimate-heading-12869e74fb24dcef uvc-8002 \" data-hspacer=\"no_spacer\"  data-halign=\"left\" style=\"text-align:left\"><div class=\"uvc-heading-spacer no_spacer\" style=\"top\"><\/div><div class=\"uvc-main-heading ult-responsive\"  data-ultimate-target='.uvc-heading.ultimate-heading-12869e74fb24dcef h1'  data-responsive-json-new='{\"font-size\":\"\",\"line-height\":\"\"}' ><h1 style=\"font-weight:bold;color:#024997;\">Decreto de Alcald\u00eda<\/h1><\/div><\/div><ol class=\"g-breadcrumbs us_custom_65994baf separator_icon align_left has_text_color\" itemscope itemtype=\"http:\/\/schema.org\/BreadcrumbList\"><li class=\"g-breadcrumbs-item\" itemprop=\"itemListElement\" itemscope itemtype=\"http:\/\/schema.org\/ListItem\"><a itemprop=\"item\" href=\"https:\/\/web.muniolleroshuarochiri.gob.pe\/portal\/\"><span itemprop=\"name\">Inicio<\/span><\/a><meta itemprop=\"position\" content=\"1\"\/><\/li><li class=\"g-breadcrumbs-separator\"><i class=\"far fa-angle-right\"><\/i><\/li><li class=\"g-breadcrumbs-item\">P\u00e1ginas<\/li><\/ol><\/div><\/div><\/div><div class=\"vc_col-sm-6 wpb_column vc_column_container\"><div class=\"vc_column-inner\"><div class=\"wpb_wrapper\"><\/div><\/div><\/div><\/div><\/div><\/section><!-- Row Backgrounds --><div class=\"upb_color\" data-bg-override=\"0\" data-bg-color=\"#ffffff\" data-fadeout=\"\" data-fadeout-percentage=\"30\" data-parallax-content=\"\" data-parallax-content-sense=\"30\" data-row-effect-mobile-disable=\"true\" data-img-parallax-mobile-disable=\"true\" data-rtl=\"false\"  data-custom-vc-row=\"\"  data-vc=\"6.11.0\"  data-is_old_vc=\"\"  data-theme-support=\"\"   data-overlay=\"false\" data-overlay-color=\"\" data-overlay-pattern=\"\" data-overlay-pattern-opacity=\"\" data-overlay-pattern-size=\"\"    data-seperator=\"true\"  data-seperator-type=\"triangle_svg_seperator\"  data-seperator-shape-size=\"40\"  data-seperator-svg-height=\"32\"  data-seperator-full-width=\"true\" data-seperator-position=\"bottom_seperator\"  data-seperator-background-color=\"#27afd7\"  data-icon=\"\"  ><\/div><section class=\"l-section wpb_row us_custom_e230082a height_small has_text_color\"><div class=\"l-section-h i-cf\"><div class=\"g-cols vc_row type_default valign_top\"><div class=\"vc_col-sm-12 wpb_column vc_column_container\"><div class=\"vc_column-inner\"><div class=\"wpb_wrapper\"><div id=\"ultimate-heading-567969e74fb24e81d\" class=\"uvc-heading ult-adjust-bottom-margin ultimate-heading-567969e74fb24e81d uvc-1143 \" data-hspacer=\"no_spacer\"  data-halign=\"center\" style=\"text-align:center\"><div class=\"uvc-heading-spacer no_spacer\" style=\"top\"><\/div><div class=\"uvc-main-heading ult-responsive\"  data-ultimate-target='.uvc-heading.ultimate-heading-567969e74fb24e81d h2'  data-responsive-json-new='{\"font-size\":\"desktop:36px;\",\"line-height\":\"\"}' ><h2 style=\"font-weight:normal;\">Municipalidad de Santo Domingo de los Olleros<\/h2><\/div><\/div><\/div><\/div><\/div><\/div><\/div><\/section><section class=\"l-section wpb_row us_custom_8b3d6790 height_medium has_text_color\"><div class=\"l-section-h i-cf\"><div class=\"g-cols vc_row type_default valign_top\"><div class=\"vc_col-sm-3 wpb_column vc_column_container\"><div class=\"vc_column-inner\"><div class=\"wpb_wrapper\"><div class=\"wpb_text_column\" ><div class=\"wpb_wrapper\"><\/div><\/div>[vc_wp_custommenu title=\u00bbMunicipalidad\u00bb nav_menu=\u00bb6&#8243;]<\/div><\/div><\/div><div class=\"vc_col-sm-9 wpb_column vc_column_container\"><div class=\"vc_column-inner\"><div class=\"wpb_wrapper\"><div id=\"ultimate-heading-822269e74fb24eb07\" class=\"uvc-heading ult-adjust-bottom-margin ultimate-heading-822269e74fb24eb07 uvc-295 \" data-hspacer=\"no_spacer\"  data-halign=\"center\" style=\"text-align:center\"><div class=\"uvc-heading-spacer no_spacer\" style=\"top\"><\/div><div class=\"uvc-main-heading ult-responsive\"  data-ultimate-target='.uvc-heading.ultimate-heading-822269e74fb24eb07 h2'  data-responsive-json-new='{\"font-size\":\"desktop:36px;\",\"line-height\":\"\"}' ><h2 style=\"font-weight:normal;margin-bottom:40px;\">Decreto de Alcald\u00eda<\/h2><\/div><\/div><div class=\"wpb_text_column\" ><div class=\"wpb_wrapper\">\n<table id=\"tablepress-20\" class=\"tablepress tablepress-id-20\">\n<thead>\n<tr class=\"row-1 odd\">\n\t<th class=\"column-1\">N\u00ba<\/th><th class=\"column-2\">Documento de Gesti\u00f3n<\/th><th class=\"column-3\">Archivo<\/th>\n<\/tr>\n<\/thead>\n<tbody class=\"row-hover\">\n<tr class=\"row-2 even\">\n\t<td class=\"column-1\"><strong>1\u00ba<\/strong> <\/td><td class=\"column-2\">DECRETO DE ALCALDIA N\u00b0 004-2023-DA-MDSDO-PH<br \/>\n<br \/>\nAPROBAR DE MANERA EXCEPCIONAL Y \u00b7 TRANSITORIA LA MODIFICACI\u00d3N DEL TEXTO UNICO DE PROCEDIMIENTOS ADMINISTRATIVOS (TUPA) en el extremo del Proce\u00e1miento Administrativo \"CONSTANCIAS DE POSESI\u00d3N\" \u00fanicamente para los casos de tramitaci\u00f3n de CONSTANCIA DE POSESI\u00d3N PARA FINES ESTRICTAMENTE DE ELECTRIFICACI\u00d3N en favor de los ciudadanos y\/o administrados que <br \/>\nvivan en la jurisdicci\u00f3n del distrito de Santo Domingo de Los Olleros; quedando como sigue: <\/td><td class=\"column-3\"><a href=\"http:\/\/web.muniolleroshuarochiri.gob.pe\/portal\/wp-content\/uploads\/2023\/07\/DECRETO-DE-ALCALDIA-N%C2%B0-006-2022-DA-MDSDO-H.pdf\" target=\"_blank\" rel=\"noopener noreferrer\">Ver Decreto aqu\u00ed <br><img src=\"https:\/\/www.web.munisurco-huarochiri.gob.pe\/portal\/wp-content\/uploads\/2023\/03\/icopdf-1.png\" alt=\"\" width=\"32\" height=\"32\"><\/a><\/td>\n<\/tr>\n<\/tbody>\n<\/table>\n<!-- #tablepress-20 from cache -->\n<\/div><\/div><div class=\"wpb_text_column\" ><div class=\"wpb_wrapper\"><\/div><\/div><\/div><\/div><\/div><\/div><\/div><\/section><section class=\"l-section wpb_row height_medium\"><div class=\"l-section-h i-cf\"><div class=\"g-cols vc_row type_default valign_top\"><div class=\"vc_col-sm-12 wpb_column vc_column_container\"><div class=\"vc_column-inner\"><div class=\"wpb_wrapper\"><\/div><\/div><\/div><\/div><\/div><\/section>\n<\/section>","protected":false},"excerpt":{"rendered":"Decreto de Alcald\u00edaInicioP\u00e1ginasMunicipalidad de Santo Domingo de los Olleros[vc_wp_custommenu title=\"Municipalidad\" nav_menu=\"6\"]Decreto de Alcald\u00eda N\u00baDocumento de Gesti\u00f3nArchivo 1\u00ba DECRETO DE ALCALDIA N\u00b0 004-2023-DA-MDSDO-PH APROBAR DE MANERA EXCEPCIONAL Y \u00b7 TRANSITORIA LA MODIFICACI\u00d3N DEL TEXTO UNICO DE PROCEDIMIENTOS ADMINISTRATIVOS (TUPA) en el extremo del Proce\u00e1miento Administrativo \"CONSTANCIAS DE POSESI\u00d3N\" \u00fanicamente para los casos de tramitaci\u00f3n de CONSTANCIA...","protected":false},"author":1,"featured_media":0,"parent":0,"menu_order":0,"comment_status":"closed","ping_status":"closed","template":"","meta":[],"acf":[],"_links":{"self":[{"href":"https:\/\/web.muniolleroshuarochiri.gob.pe\/portal\/wp-json\/wp\/v2\/pages\/5890"}],"collection":[{"href":"https:\/\/web.muniolleroshuarochiri.gob.pe\/portal\/wp-json\/wp\/v2\/pages"}],"about":[{"href":"https:\/\/web.muniolleroshuarochiri.gob.pe\/portal\/wp-json\/wp\/v2\/types\/page"}],"author":[{"embeddable":true,"href":"https:\/\/web.muniolleroshuarochiri.gob.pe\/portal\/wp-json\/wp\/v2\/users\/1"}],"replies":[{"embeddable":true,"href":"https:\/\/web.muniolleroshuarochiri.gob.pe\/portal\/wp-json\/wp\/v2\/comments?post=5890"}],"version-history":[{"count":4,"href":"https:\/\/web.muniolleroshuarochiri.gob.pe\/portal\/wp-json\/wp\/v2\/pages\/5890\/revisions"}],"predecessor-version":[{"id":7095,"href":"https:\/\/web.muniolleroshuarochiri.gob.pe\/portal\/wp-json\/wp\/v2\/pages\/5890\/revisions\/7095"}],"wp:attachment":[{"href":"https:\/\/web.muniolleroshuarochiri.gob.pe\/portal\/wp-json\/wp\/v2\/media?parent=5890"}],"curies":[{"name":"wp","href":"https:\/\/api.w.org\/{rel}","templated":true}]}}